 = -3 + 1. Let v be n(a). What is the greatest common divisor of 18 and v?
18
Suppose -3*y + 18 = -x, 5*y + 4*x - 29 - 18 = 0. Calculate the highest common factor of 2 and y.
1
Suppose 3*v - 6 = 0, 18 = -3*h + 2*v - 70. Let r = h + 30. What is the greatest common divisor of 16 and r?
2
Let p(n) = n**2 + 1. Let w(x) = x + 8. Let i be w(0). Suppose -i = -3*k + 1. Let a be p(k). Calculate the greatest common divisor of a and 110.
10
Suppose -700 = -5*c - 0*c. Let h(z) = 34*z. Let d be h(-1). Let w be 3/(-1 + d/(-28)). Calculate the highest common factor of w and c.
14
Let r be -9*((-4)/(-6) + -1). Let k be (-1)/1*r*-2. Suppose -4*i + 74 = 2*j, -i + 4*j - k + 2 = 0. Calculate the highest common divisor of 48 and i.
16
Suppose -3*i + 162 = 5*q - 72, 0 = q + i - 46. Calculate the greatest common factor of 6 and q.
6
Suppose 5*t = -4*p + 51, t - 5*t = p - 43. Let g(n) = -n + 2*n - 2 + 13. Let v be g(0). Calculate the highest common factor of v and t.
11
Suppose 94 = v - c - 19, 5*v - 556 = -4*c. What is the greatest common divisor of v and 28?
28
Let l(h) = 3*h**2 + h. Let g be l(-3). What is the greatest common factor of g and 8?
8
Let g(v) = v**3 - 9*v**2 - 4*v - 12. Let o be g(10). What is the greatest common factor of o and 6?
6
Suppose 0 = -2*j + 6*j + 40. Let g = j + 28. Calculate the greatest common factor of 6 and g.
6
Suppose -5*k + 7 = -8. Let y = -6 + 12. Suppose 20 = 3*l + 5*c - y*c, 2*l + k*c + 5 = 0. What is the greatest common factor of l and 55?
5
Suppose -2*g - 26 = -4*g. Let f(d) = 14*d - 9. Let w be f(9). What is the greatest common factor of g and w?
13
Let s = 55 + -25. Let g(b) be the first derivative of b**3 + 7*b**2/2 + 5*b - 3. Let h be g(-5). Calculate the greatest common divisor of s and h.
15
Let s(w) = -5*w + 4. Let u be s(3). Let d = -6 - u. What is the highest common divisor of 10 and d?
5
Suppose 0 = -4*d + v + 25, 5*d + v = -3*v + 5. What is the highest common divisor of 1 and d?
1
Let m be ((-63)/12)/(2/(-8)). Suppose 0 = -4*k + 8*k - 84. Calculate the greatest common divisor of m and k.
21
Let p(c) = c**2 + 5*c - 16. Let m be p(-9). What is the highest common factor of 20 and m?
20
Let a be ((-88)/(-12))/(8/(-3) - -3). Let s be 6/21 + (-229)/(-7). Calculate the greatest common factor of a and s.
11
Suppose 0*g = 3*g - 39. Suppose 0 = 4*v - 53 + g. Suppose 0 = -3*r + 2 + 13. Calculate the highest common divisor of r and v.
5
Suppose 2*k - 33 = 13. Suppose 2*o = -4*l + 192 + 186, -o = -l + 87. What is the greatest common factor of k and l?
23
Let h be -1 - 2/4*-2. Suppose -d - 8 = f, -2*f + 2*d - 1 - 3 = h. Let j = 9 + f. Calculate the highest common divisor of 2 and j.
2
Suppose 0 = 2*o - 72 + 60. Calculate the greatest common factor of o and 2.
2
Suppose -2*n - 30 = -4*n. Let w = 201 + -186. What is the greatest common factor of w and n?
15
Let n(y) = 35*y**3 - y**2 + 3*y - 2. Let u be n(2). Calculate the greatest common divisor of 35 and u.
35
Let d = 80 + -70. What is the greatest common divisor of 2 and d?
2
Suppose -110 - 60 = 2*f. Let h = 141 + f. Suppose -17 - 25 = -3*i. Calculate the highest common divisor of h and i.
14
Suppose -30 = -4*z + 6. Calculate the highest common divisor of 63 and z.
9
Let o be 1*(6 - (-1 - 1)). Suppose -o + 3 = t. Let g(i) = -5*i - 3. Let v be g(t). Calculate the greatest common divisor of 2 and v.
2
Let v = -1 - -9. Let q(n) = -3*n - 3. Let g be q(-5). Calculate the highest common divisor of g and v.
4
Suppose -2*r = 3*r. Suppose r = -k - 2*k + 15. Let p be (-20)/25*k/(-2). What is the greatest common divisor of 22 and p?
2
Suppose -13 = g - 141. Suppose -5*s + 4*n = 22, 2*s + 19 = 4*n + n. Let h = s - -18. Calculate the highest common factor of h and g.
16
Let m(f) = 1. Let p(x) = 2*x - 7. Let i(n) = 30*m(n) + 5*p(n). Let q be i(8). Calculate the greatest common factor of q and 30.
15
Let c be 0/(1 + -1 + -2). Suppose -12 = -c*j - j. Calculate the greatest common divisor of 48 and j.
12
Let g = 5 - 2. Suppose 2*l - l - 6 = 0. Calculate the highest common factor of l and g.
3
Suppose -10 - 1 = -x. Let q(z) = z - 4. Let k be q(x). Let o = 81 - 18. What is the greatest common divisor of o and k?
7
Let l(o) = o**2 - 6. Let a be l(-3). What is the highest common factor of a and 3?
3
Suppose 3*x - 15 = -0*x. What is the greatest common factor of x and 25?
5
Suppose 3*f - 37 - 8 = 0. Calculate the highest common divisor of 15 and f.
15
Let l be (1 + -2 - 1) + 10. Suppose 0 = -2*g, m + g - 3*g = -1. Let u(s) = 64*s**2 - s - 1. Let a be u(m). Calculate the highest common divisor of l and a.
8
Let v = -6 - -4. Let k be 1076/18 - v/9. Calculate the greatest common divisor of 15 and k.
15
Let t(m) = m**3 + 2*m**2 - 5*m - 3. Let v be t(-3). Let u be (-2)/v*(0 + -9). Let k be 63 - (-1 - 0 - 2). What is the greatest common factor of k and u?
6
Let x be (-2)/2*(-20)/2. Let y be 8/12 - 28/(-3). Calculate the highest common divisor of y and x.
10
Suppose t - 25 - 21 = 0. Let z = -20 + t. Let f be 130*((-2)/(-4) + 0). Calculate the greatest common divisor of z and f.
13
Let m = 12 - 8. Suppose -m*w + 196 = 5*j, 5*j + w + 0*w = 199. Calculate the highest common factor of 16 and j.
8
Let k = -1 - -12. Let n = -375 + 265. Let q be ((-9)/(-6) + -2)*n. Calculate the highest common factor of q and k.
11
Let i(l) = -l - 7. Let x be i(-11). Suppose 0*b - x*b + 12 = 0. Suppose -h - 54 = -b*h. What is the highest common factor of h and 18?
9
Let d be (4/7)/(((-170)/(-280))/17). Suppose -b + 45 = -i - 69, 118 = b - 3*i. Calculate the greatest common factor of b and d.
16
Let h = 299 + -173. Let i(z) = -z**2 + 7*z + 4. Let b be i(5). Calculate the greatest common factor of b and h.
14
Suppose -3*k - 22 = -172. Let h(a) = a**3 + 4*a**2 - 3*a - 2. Let t be h(-4). Calculate the greatest common factor of k and t.
10
Suppose 2*f = -2*f + 208. Suppose 0 = -0*d + 4*d - f. Let p = 56 + -30. Calculate the greatest common divisor of p and d.
13
Let j = -13 + 9. Let v be 9/24*2*j. Let u be v*6*(-1)/2. Calculate the greatest common factor of 81 and u.
9
Let u be (-14)/3*(-3)/2. Let t be 32/1 + 1*2. Let c = 1 + t. What is the highest common divisor of c and u?
7
Let p(u) = 2*u**3 + 2*u**2 - 8. Let c be p(2). Calculate the greatest common divisor of c and 8.
8
Let q = -88 - -96. What is the highest common factor of 10 and q?
2
Let g(s) = -s - 2. Let z be g(-3). Let c(o) = 10*o + 1. Let m be c(z). Calculate the greatest common divisor of m and 77.
11
Let g(f) = -f**3 - f**2 + f. Let x(y) = -3*y**3 + 5*y**2 - 6*y - 2. Let d(q) = 2*g(q) - x(q). Let t be d(6). Calculate the greatest common factor of 70 and t.
14
Suppose 2*t = 5*t + 15. Let s = 16 + t. Calculate the greatest common factor of s and 44.
11
Suppose 2*k - 9 = 5. Let c(n) = 2*n + 0*n**2 + 0*n**2 + 3*n**2. Let l be c(-3). Calculate the highest common divisor of l and k.
7
Suppose -o - 3 = -3*x + 2*x, 4*o = 0. Suppose 8*h = -5*q + 3*h, 2*q + h = 3. What is the greatest common divisor of q and x?
3
Let i(g) = -60*g. Let b be i(-2). Suppose m = -m + 3*y + 15, 3*y = m. What is the highest common factor of m and b?
15
Let v = -3 + 5. Suppose -o - 3 = -1, -v*r = -4*o - 44. Let a = 32 - r. What is the greatest common divisor of a and 7?
7
Suppose 0*q = 5*q. Let l = q + 4. Suppose -l*a - 5*t + 43 = -a, 5*a = t + 25. What is the highest common divisor of a and 6?
6
Suppose y = 2*y + 3*v - 93, 0 = -4*y - 2*v + 342. Let b = 61 - 40. Calculate the highest common divisor of y and b.
21
Suppose 0 = -3*y - 9, 0 = -2*i + i - 2*y + 9. Suppose 4 = -2*f + 2. Let b be (-15)/(16/18 + f). What is the greatest common divisor of i and b?
15
Suppose -4*x + 29 + 146 = 5*u, 5*u - x - 175 = 0. What is the greatest common factor of u and 7?
7
Let j(v) = -v**3 + 2*v. Let s be j(-2). Suppose -s*a - x = -123, -4*a - 4*x - x + 135 = 0. What is the highest common divisor of 45 and a?
15
Suppose -51 = -2*o - z + 40, -217 = -4*o + 5*z. Let j be -1*o/(-4 + 1). Calculate the greatest common divisor of j and 16.
16
Suppose -3*l - 5*b - 90 = 0, 3*l + 4*b = -107 + 20. Let p = -23 - l. What is the greatest common factor of p and 18?
2
Let m be 72/(-14)*(12 + -33). Calculate the greatest common divisor of 12 and m.
12
Suppose 3 + 1 = 2*v, 2*u + 5*v - 18 = 0. Suppose 5*f - 18 = -w, 3*w - u*f - 22 = -3*f. C